= -3*a + 12, 38 = 2*z + a - 30. Suppose -3*v = -v - z. Let m(o) = -o**3 - 15*o**2 - 16*o - 19. Calculate the remainder when v is divided by m(-14).
7
Suppose 0 = -5*t + 4 + 11. Suppose -3*j + 6*j = t. What is the remainder when j is divided by 1?
0
Let u be (-1)/(-2) + 60/8. Suppose 13*g = u*g + 90. What is the remainder when 32 is divided by g?
14
Let z(x) = -x**3 - 9*x**2 + 8*x - 7. What is the remainder when 73 is divided by z(-10)?
8
Let f(t) = -2*t - 12. Calculate the remainder when (66/4)/((-6)/(-8)) is divided by f(-9).
4
Let k(z) = 2*z**2 - 5*z + 3. Let u be k(3). Suppose -u = 3*b, 20 = n - 0*n - 3*b. Suppose -5*w + 142 - 12 = 0. What is the remainder when w is divided by n?
12
Suppose 2*q - i - 32 = 0, -34 = 5*q + 4*i - 101. Suppose -20 = 3*h - 2. Let k = 34 + h. Calculate the remainder when k is divided by q.
13
Let o(f) = -3*f - 17. What is the remainder when 2 is divided by o(-6)?
0
What is the remainder when 1019/18*2 - (-2)/(-9) is divided by 23?
21
Let x = -10 + 17. What is the remainder when 19 is divided by x?
5
Suppose -3*o + o + 2 = 0. Let z(j) = j**3 - 2*j**2 - 3*j + 2. What is the remainder when z(3) is divided by o?
0
Let f(a) = -a**3 - 4*a**2 + 6*a + 1. Suppose -g - g = -3*w - 20, -3*w = -4*g + 28. Let c = -10 + g. What is the remainder when f(c) is divided by 13?
11
Let c = -35 - -59. Let f = c - 14. What is the remainder when f is divided by 6?
4
Let s = 10 - 6. Calculate the remainder when 256/20 + 2 + (-3)/(-15) is divided by s.
3
Suppose 2*y = 3 + 11. What is the remainder when -3 + (-46)/(-4)*2 is divided by y?
6
Let d = 16 + -13. Suppose -d*n + 0*n = -18. Calculate the remainder when 10 is divided by n.
4
Calculate the remainder when (4/(-14) + (-1425)/(-63))*3 is divided by 35.
32
Suppose -4*h + 5*n + 14 = 0, n = -2*h + 4*h - 10. What is the remainder when 16 is divided by h?
4
Let m = -43 + 24. Let j = -7 - m. Calculate the remainder when 35 is divided by j.
11
Suppose 3*w + 5*d = 2*d + 3, -6 = -w + 4*d. Suppose 0 = -y + 5*q - 21, -w*q + 11 = -y + q. Calculate the remainder when (-13)/(-1*(2 - 1)) is divided by y.
1
Let h(d) = -2*d - 11. What is the remainder when 13 is divided by h(-9)?
6
Let a(w) = w**3 + 5*w**2 + 3. Let f = -15 - -25. What is the remainder when f is divided by a(-5)?
1
Calculate the remainder when 8 is divided by 0 - 0 - (4 - 7).
2
Let c(f) = -9*f + 1. Let y be c(-1). Suppose -100 = y*j - 5*j. Calculate the remainder when (-1)/5 - 404/j is divided by 7.
6
Let s(g) = -3*g + 3 + 1 + 3 - 1. Let m be s(6). Calculate the remainder when 46 is divided by m/10*(-240)/18.
14
Let h be 4/(-5)*(2 - 7). Calculate the remainder when h - (-4 - -4) - -5 is divided by 3.
0
Suppose 3*o - 6 = -i, -30*i + 2*o - 30 = -35*i. What is the remainder when i is divided by (-3)/(-1) + (-2)/(-2)?
2
Let i be 65/15 + -5 + (-50)/6. Let f(h) be the third derivative of -h**4/12 + 2*h**3/3 - h**2. Calculate the remainder when f(i) is divided by 12.
10
Suppose -5*g - 2 = -t + 3, -3*t = -4*g - 15. Suppose 0 = 4*j - 6*j + d + t, 4*j = -d + 25. Suppose a = 5*a - 48. Calculate the remainder when a is divided by j.
2
Let z(r) = r**3 + 6*r**2 + 5*r. Let l be z(-5). Let j = l - 0. Suppose -4*i = 5*x - 75, j = -x - x - 3*i + 37. Calculate the remainder when x is divided by 6.
5
Suppose 0 = -5*b + f + 100, 4*f + 48 = 3*b + 5. Let u(z) = -z**3 + 5*z**2 + z + 6. What is the remainder when b is divided by u(5)?
10
Suppose -20 = -d + 5*m, 2*d - 14 - 2 = 2*m. Suppose -2*j = 3*q - 89, -d*q + j + 143 = 3*j. Calculate the remainder when q is divided by 15.
12
Let z(q) = -3*q + 1. Let d = 72 - 48. Calculate the remainder when d is divided by z(-4).
11
Let o = -88 + 141. What is the remainder when o is divided by 19?
15
Let y(i) be the second derivative of -5*i**3/6 - 3*i**2/2 + 8*i. What is the remainder when 35 is divided by y(-3)?
11
Let s(n) = -n - 7. Let y be s(-8). Let o be 2 + (y - (0 + 1)). Suppose 0*x - o*x = -w - 9, 3*x - 14 = w. Calculate the remainder when 9 is divided by x.
4
Suppose 0*g - 12 = -2*g. Let a(h) = -2*h + 5. Let o be a(-5). Suppose o = i - 1. Calculate the remainder when i is divided by g.
4
Suppose -5*h + 23 = 53. What is the remainder when 89 is divided by ((-92)/8)/(3/h)?
20
Suppose 135 = 2*m + 3*m. Let h = -89 + 96. Calculate the remainder when m is divided by h.
6
Let o be (-66)/(-14) - (-4)/14. Suppose -o*r + 2*r = 0. Suppose r = -3*b + 18 - 3. Calculate the remainder when 9 is divided by b.
4
Calculate the remainder when 98 is divided by -25*3*4/(-6).
48
Suppose -9 = 3*m - 39. Let w = 18 - m. Calculate the remainder when w is divided by (-3)/1 - (-3 + -3).
2
Let c = -4 - -14. Calculate the remainder when -1 - 3 - (-1 - 32) is divided by c.
9
Suppose -24 = -2*i - 4*a, -2*a + 3 + 3 = -2*i. Let d = 4 - i. Suppose -d*v - 5*g + 27 = -34, -5*g = v - 18. What is the remainder when v is divided by 15?
13
Let n(g) = -g**2 - 2*g + 17. Let w be n(7). Let k = w - -77. Calculate the remainder when 59 is divided by k.
28
Suppose 2*l - 24 = 30. What is the remainder when -26*18/4*4/(-6) is divided by l?
24
What is the remainder when 23 is divided by (-3)/(3/(-6*1))?
5
Let z be 2*(3 + 5/(-2)). Let c(k) = 29*k**2 + k. Calculate the remainder when c(z) is divided by 16.
14
Suppose 3*d - 130 = 56. Suppose 111 = 9*n - 33. Calculate the remainder when d is divided by n.
14
Let a(x) = -17*x - 6. Calculate the remainder when a(-3) is divided by 16.
13
Suppose -5*z - 2*m = -0*m - 69, -5*z = m - 72. Suppose -3*g + 144 + 288 = 0. Suppose 5*s - 66 - g = 0. Calculate the remainder when s is divided by z.
12
Suppose -3*b - 4 = -4*b. Calculate the remainder when 9 is divided by b.
1
Suppose 5*q - 3*q - 3*g - 9 = 0, 0 = 4*q - 4*g - 28. What is the remainder when q is divided by 4?
0
Let b(p) = 4*p + 45 - 44 + 13*p**2 - 2*p. Calculate the remainder when 23 is divided by b(-1).
11
Let w(i) = -3*i - 61. Let c be 3*((-70)/(-6) - 1). Let s = c + -6. Calculate the remainder when s is divided by w(-25).
12
What is the remainder when (-24)/36 - 1000/(-6) is divided by 14?
12
Let f = -4 - -6. Let k(z) = -z**2 + 2. Let a(t) = -t**3 - t**2 - t - 1. Let s be a(-1). Calculate the remainder when k(s) is divided by f.
0
Suppose 15*b - 12*b - 63 = 0. Calculate the remainder when 82 is divided by b.
19
Suppose 0 = -3*h - o + 65, 5*h = -o + 3*o + 90. What is the remainder when 88 is divided by h?
8
Let r be ((-12)/10)/((-45)/75). Suppose s - r*s + 51 = 0. What is the remainder when s is divided by 26?
25
Let j be (-130)/(-35) - 2/(-7). Suppose -8*w = -j*w - 504. Calculate the remainder when w is divided by 32.
30
Suppose -g + 4*g - 15 = 0. Calculate the remainder when (8/g)/(1/20) is divided by 11.
10
Let o = 38 - 90. Let c = -21 - o. What is the remainder when c is divided by 8?
7
Let j = -51 + 85. Suppose -16 = -2*d - 0*d - 4*b, -3*b = 6. Calculate the remainder when j is divided by d.
10
Let w(l) = -l**2 + 15*l. Calculate the remainder when w(11) is divided by 16.
12
Suppose 131 = 2*f + 41. Let n(v) = v**3 - v**2 - 11*v + 27. What is the remainder when f is divided by n(3)?
9
Suppose 2*i = 4*i - 8. Let o(q) = 2*q - 3 + i*q - 2*q. Calculate the remainder when o(5) is divided by 6.
5
Let i(o) = 2*o**3 + 8*o**2 - 9*o - 6. Calculate the remainder when i(-4) is divided by 4.
2
Let w = 22 - 0. Calculate the remainder when 87 is divided by w.
21
Let q(n) = n**3 - 7*n**2 + 8*n - 6. Let o be q(6). Calculate the remainder when 9 is divided by (-4)/12 - (-20)/o.
0
Let z(s) = -6*s + 2. Let g(b) = -7*b + 1. Let d(q) = -2*g(q) + 3*z(q). What is the remainder when 70 is divided by d(-5)?
22
Let g(d) = d**3 + 9*d**2 + 10*d + 19. What is the remainder when 8 is divided by g(-8)?
2
What is the remainder when 1*(-2)/(-6)*3*17 is divided by 7?
3
Let i = 67 - -20. What is the remainder when i is divided by 600/28 + (-20)/(-35)?
21
Let a(d) = -31*d**3 + 3*d**2 + 4*d + 2. Suppose 0 = -5*y - r + 52 + 34, 36 = 2*y + 2*r. Calculate the remainder when a(-1) is divided by y.
15
Let w(a) = -a**3 - 2*a**2 - 6*a. Calculate the remainder when w(-5) is divided by 18.
15
Let z = 38 - 107. Let g = -49 - z. Calculate the remainder when 2 is divided by 10/4*8/g.
0
Let b be -1 - (-2 + 1)*7. Suppose b*y - 2*y - 184 = 0. What is the remainder when y is divided by 16?
14
Suppose -2*w - 2*w = 0.